 = -2*p + 10. Let g be i(8). Give c(g).
5
Let n = 49 - 44. Let m(j) = 2*j + 1. Give m(n).
11
Let s(y) = y**3 - 4*y**2 - 5*y - 5. Let c be 7/((-14)/(-8)) - -1. Determine s(c).
-5
Let k(f) = -2*f - 5. Let h be ((-3)/9)/((-2)/24). Suppose -3*n - h*a - 35 = 0, 3*a - 5 = -0*n + 4*n. Let j = n + 1. Determine k(j).
3
Let c(b) be the first derivative of b**2/2 - 2*b + 4. Calculate c(-7).
-9
Let j(i) = i**2 - 4*i + 3. Let l = -4 + 6. Let d be ((-9)/(-6))/(l/24). Let r = -13 + d. Calculate j(r).
8
Let q = 1 - -7. Let p(j) = -j**2 + 5*j + 7. Give p(q).
-17
Suppose 0 = 3*k - 5*i + 3, 0*i + 5*i - 23 = -2*k. Let n(r) = -r**3 + 4*r**2 - 2*r + 6. Give n(k).
-2
Let t(f) = -3*f - 1. Let a = -1 - -3. Give t(a).
-7
Let h(d) be the second derivative of d**5/20 + d**4/6 - d**3/2 - 3*d**2/2 - 109*d. Let w(c) = c**2 - 6*c + 3. Let i be w(5). Give h(i).
3
Let k(z) = 1. Let r(c) = 5*c - 2. Let a(b) = 2*k(b) - r(b). Determine a(3).
-11
Let r(a) = -a + a**2 + 2*a - 3*a - 3. Let t be (-3)/(4 + (-5 - -2)). Determine r(t).
12
Let n(p) = 0*p**2 + 0 - 2*p**2 - 2*p**2 + 3 + p**3. Let x(i) = -3*i. Let s be x(-1). What is n(s)?
-6
Let s(u) = -u**2 + 6*u + 20. Let w be s(8). Let x(y) = y**3 - 4*y**2 + y - 5. Determine x(w).
-1
Let x be ((-24)/(-9))/(2/3). Suppose -8*w = -x*w - 12. Let b(i) = -4 - 2*i - 1 + 2*i**w + 4 - i**3 - 2*i**2. Give b(3).
2
Let q be ((-7)/(-112))/(-1*9/(-60)). Let f(b) be the second derivative of 0 - 2/3*b**3 + 3*b - 1/20*b**5 + 3/2*b**2 + q*b**4. Determine f(4).
3
Suppose -d = 3*d - 32. Let q(n) = n**3 + 5*n**2 - 3*n - 3. Let g(z) = -2*z**2 + z + 1. Let h(c) = d*g(c) + 3*q(c). What is h(-1)?
-4
Let b = 4 + -4. Let a(q) = 0*q - 2*q + q**2 + b*q**2 + 0*q. Calculate a(3).
3
Let u(n) be the third derivative of n**7/2520 - n**6/90 + 7*n**5/120 + n**4/6 + n**2. Let l(o) be the second derivative of u(o). Determine l(6).
-5
Let h(q) = q**3 - 1. Let d(l) = -5*l**3 + 5*l**2 - 2*l. Let j(n) = -d(n) - 4*h(n). Give j(4).
-4
Let i(f) = -5*f - 3. Let m(n) = 2*n - 10. Let d be m(8). Let l(y) = y + 1. Let w(o) = d*l(o) + i(o). Determine w(-4).
-1
Suppose 2*c = -4*j + 24, 4*c = 5*j - 20 + 3. Let p be (-4)/j*45/18. Let f(u) = -4*u - 2. Determine f(p).
6
Let q(p) = p + 5. Let z(a) = -a - 2 + 3 - 4. Let m(y) = 3*q(y) + 5*z(y). Give m(2).
-4
Let r(d) be the second derivative of d**4/12 + 4*d**3/3 + 7*d**2/2 - 7*d. What is r(-7)?
0
Let w(l) = -l**2 - 11*l - 10. Let p be -9 + 3 - 2 - (-2 - -1). Calculate w(p).
18
Let m(y) be the first derivative of y**2 + 8*y - 1. Let s be 80/(-14) - (-2)/(-7). Determine m(s).
-4
Let w(a) = a + 1. Let p(r) = -2*r**2 - 8*r - 2. Let t(s) = p(s) + 6*w(s). Calculate t(-3).
-8
Suppose -3*l - 4*b - 9 = 0, -3*l - 3*b + 0*b - 9 = 0. Let y be 2 + -6 - l - -3. Let v(u) = u**2 + 2*u - 3. What is v(y)?
5
Let d(c) be the first derivative of c**4/4 - 5*c**3/3 + 2*c**2 - c - 14. Give d(5).
19
Suppose -4*s - 40 = -9*s. Let u(d) = -d**3 + 7*d**2 + 6*d + 11. Determine u(s).
-5
Let p(b) = -259*b**2 + 130*b**2 - 3 - b**3 - 2*b + 127*b**2. What is p(-2)?
1
Let w(q) = q + 15. Let u be w(-13). Let l(p) be the second derivative of -p**2 - 1/12*p**4 + 5/6*p**3 + 0 - u*p. Calculate l(5).
-2
Let m(w) = -2*w**2 + 5*w**2 - 3 + w - 4 + 4. Let v(t) = -10*t**2 - 3*t + 8. Let o(n) = 8*m(n) + 3*v(n). What is o(1)?
-7
Let v be (3/(-5))/(1/(-5)). Let j = 2 - v. Let f(s) = -2*s + 2 + 7*s**3 + 2 - 5. What is f(j)?
-6
Suppose 1 = 4*t - 3. Let v(m) be the third derivative of 0*m + 0 + 9*m**2 - 1/60*m**5 + 1/24*m**4 + 0*m**3 - 1/120*m**6. Give v(t).
-1
Let h(q) = 5*q**3 - 7*q**2 + 4*q - 10. Let o(b) = -6*b**3 + 8*b**2 - 5*b + 11. Let c(y) = -7*h(y) - 6*o(y). Calculate c(-3).
-20
Let f(s) = -s - s**3 - 4 + 4*s**2 + 2*s**3 - 2*s + 2. Calculate f(-4).
10
Suppose -d - d + 39 = 5*a, -3*a + 22 = d. Let y be ((-6)/2 - -2) + d. Let j(p) = p**2 - 7*p + 5. Calculate j(y).
-1
Let b(d) = -d**2 - 4. Let n(m) = -2*m**2 - 7. Let o(c) = 13*b(c) - 6*n(c). Let f be 15/(-25) + 3/5. Give o(f).
-10
Let q = -12 + 15. Let f(o) = q - 5*o - 4 + 6*o. Give f(3).
2
Suppose v + 12 = 2*v + 3*l, 2*l = 4*v - 6. Let o(m) = -13*m**2 - 9*m + 13. Let n(i) = -3*i**2 - 2*i + 3. Let u(k) = 9*n(k) - 2*o(k). Determine u(v).
-8
Suppose -2*h - 3*h = 4*a - 7, 16 = 2*h - 5*a. Let k(s) = 0*s + h - s**2 + 0*s + 0 - 2*s. Give k(-4).
-5
Suppose 0 = 2*n - 3*p - 7, -11 = -3*n - n + 3*p. Let y(o) = 3*o - n*o + 6 - 4. Determine y(-5).
-3
Let x(c) be the first derivative of c**4/4 - 4*c**3/3 + c**2 + 3*c + 46. Calculate x(3).
0
Let j(t) = -5*t**2 - 3*t - 1. Let x(b) = 6*b**2 + 4*b + 2. Let m(k) = -3*j(k) - 2*x(k). Calculate m(-2).
9
Let o(b) = 6*b**3 + 7*b**2 - 8*b - 16. Let v(m) = -5*m**3 - 6*m**2 + 7*m + 16. Let j(p) = 6*o(p) + 7*v(p). Give j(0).
16
Let c(w) be the third derivative of -w**5/60 - w**4/12 - 6*w**2. Suppose 2*l + 4 + 10 = 0. Let q = l - -4. Determine c(q).
-3
Let b(k) = k**3 - 4*k**2 + 3*k + 4. Let p(z) = -z**3 - 5*z**2 - 4*z + 3. Let q be (4/(-8))/(2/48). Let c = q - -8. Let u be p(c). What is b(u)?
4
Let d = 3 - 3. Let c(f) = f**3 + 11*f**2 - 11*f + 14. Let v be c(-12). Let k(i) = -i + d + 2*i + v + 1. Calculate k(-3).
0
Let q(a) be the third derivative of 0*a + 0 + 3*a**2 - 1/12*a**4 - 1/180*a**6 + 1/20*a**5 - 1/6*a**3. Let u(x) be the first derivative of q(x). Determine u(4).
-10
Let x(p) = p**3 - 9*p**2 - 9*p + 1. Let z = -56 - -66. Give x(z).
11
Let p(l) = -12*l - 3*l**2 + 5*l + 12*l + 2*l**2 - 2. Give p(4).
2
Suppose 0 = -3*i - 2 + 11. Let q(a) = -a**i - 6*a**2 - 9*a + 7*a - 1 - 2*a. Give q(-5).
-6
Let m be (-10)/5*(-1)/2. Let v = 3 - m. Let u(t) = -t**3 + 2*t**2 + 3*t - 3. What is u(v)?
3
Let h = -77 + 74. Let m(n) = n**2 + 4*n + 3. Give m(h).
0
Suppose 3*a - 35 = -2*a + 5*z, 0 = 4*a + 2*z - 4. Let t(j) = j**2 - 2*j - 1. Let h be t(-1). Let x(r) = 5*r**h - 5*r - r + 2*r - r**3. What is x(a)?
6
Let i(c) = 3*c**3 - c. Suppose -5*m + 0*v - 2*v + 3 = 0, -5*m = 5*v - 15. Determine i(m).
-2
Let f(n) = 4*n. Let j be f(1). Let q = 2 - j. Let m(t) = 3*t**2 + 4*t + 3. Give m(q).
7
Let l(f) be the second derivative of -9*f**5/10 + f**3/6 + 3*f. Give l(1).
-17
Suppose 20 = 5*r - r, 4*y = 2*r - 2. Suppose -2*o - 4 = v - 16, 5*o - y*v = 30. Let s(i) = -i**2 + 6*i - 5. Determine s(o).
-5
Let a(x) = x - 9. Let b(o) = -1. Let n(k) = -a(k) + 3*b(k). Determine n(-5).
11
Let l = -10 + 11. Let b(t) = 2 + t**2 + 3 - l - 6 - 3*t. What is b(2)?
-4
Let m(q) = -q + 13. Let h be 0*1*(-3)/(-9). Let k be (h*(2 + -1))/2. What is m(k)?
13
Let u(x) = x**3 + 2*x**2 - 4*x - 4. Let d = -49 - -46. Determine u(d).
-1
Let g(y) be the third derivative of -y**5/60 + 13*y**4/24 + y**3/2 - 9*y**2. Let d be g(13). Let l(j) = j**2 - 3*j - 4. Determine l(d).
-4
Let c(g) = -g - 15. Suppose -2 = 2*a + 14. What is c(a)?
-7
Let t = 2 - 1. Let o = t + -1. Let b = o + -4. Let j(f) = -2*f - 6. Determine j(b).
2
Suppose -6*n = -14*n + 16. Let u(x) = -x + 8. Let a be u(5). Let d(r) = 4*r + r**a + 0*r**3 + 0 - 3 - 5*r**2. Calculate d(n).
-7
Let w(q) = q**3 + 5*q**2 + 5*q - 3. Suppose 2*b = -3*z + 29, 0*b + 3*b = -z + 19. Suppose -4*o - 9 = z. Give w(o).
-7
Let f(v) be the third derivative of v**4/24 - 7*v**3/6 + 17*v**2. Determine f(5).
-2
Suppose -4 = q + 3*q. Let x be 5/(-2 + (-3)/q). Let i(b) = -b. Calculate i(x).
-5
Suppose -11 - 21 = 8*t. Let m(p) be the third derivative of p**4/8 + p**3 - p**2. Give m(t).
-6
Let k(g) be the first derivative of -1/2*g**2 - 2 - 1/4*g**4 - g**3 + 4*g. Suppose l + 4*l + 15 = 0. Give k(l).
7
Let d(w) be the second derivative of w**5/20 + w**4/2 + 5*w**3/6 + 3*w**2 + 31*w. Calculate d(-6).
-24
Let p(o) be the first derivative of 3*o**2 + 12. What is p(-1)?
-6
Let i(o) = o**2 - 7 + 11 - 3*o - 3. Determine i(3).
1
Let v(a) = 4*a + 3 + 2*a**2 - 1 + 0 + 0*a. Determine v(-3).
8
Let b(r) be the second derivative of -r**3/6 - 11*r. Calculate b(0).
0
Let h(j) = -j**3 - 4*j**2 - j + 3. Let a be -4 - (-3 - -2)/1. Let f be h(a). Let y(p) = -p**2 + 4. What is y(f)?
-5
Let v(m) = -m + 4. Let i be v(7). Let a(u) = -u**2 + u. Calculate a(i).
-12
Let b(q) = 3*q + 1 + 3 - q**2 - 3*q - 6*q. Give b(-6).
4
Let o(j) = -7*j - 5 + j**3 - 2*j**2 + 0 - 4 - 4*j**2. Let t = -3 - -10. Give o(t).
-9
Let v(g) = g - 5. Let c be v(10). Suppose 4*y = c*k + 2*y + 28, 4*k - 4 = -5*y. Let m(o) = -o**3 - 4*o**2 - 2*o - 4. Determine m(k).
4
Let s(w) = -w**3 + 4*w**2 + 